atest common divisor of l and 9?
9
Let z = -2024 - -2069. What is the highest common divisor of 1365 and z?
15
Let q(v) = 49*v - 688. Let b be q(46). What is the greatest common divisor of 216 and b?
54
Suppose 4*s + x - 23 = 0, 6*s - 3*x = 3*s + 6. Suppose 4*d - 2 = 22. Suppose d*g = g + 5. Calculate the greatest common factor of s and g.
1
Suppose 0 = -14*r - 7*r + 63. Suppose -7*w = r*w - 6110. What is the highest common factor of w and 47?
47
Let x = -412 - -414. Suppose -90 = -5*c - 0*c + 2*q, 0 = -x*c + 3*q + 25. Suppose 0*p + p + 3*v = 5, 20 = 4*p - v. What is the highest common factor of c and p?
5
Suppose 1875*n = 1894*n - 49495. What is the highest common factor of 5 and n?
5
Let q(x) = 13 + 2*x + 82 - 6*x - 17. Let h be q(0). Suppose -4*o - 213 = -9*o + 2*s, -h = -2*o - s. Calculate the highest common divisor of 41 and o.
41
Let k(t) = t**2 - 41*t - 544. Let j be k(52). What is the highest common divisor of 388 and j?
4
Let h(z) = 2*z**2 - 34*z + 75. Let i be h(14). Let t be (i - -16)*(-1 + -2 + 6). Calculate the greatest common factor of 27 and t.
3
Suppose -5*d - 4*h + 170 - 58 = 0, 28 = d - 2*h. Calculate the highest common divisor of d and 248.
8
Let t(m) = -444*m**2 - 2230*m. Let h be t(-5). Calculate the greatest common factor of 35600 and h.
50
Let n be 20846/21 + ((-27)/216 - (-183)/(-72)). What is the greatest common divisor of n and 1210?
110
Let o(b) = 5*b - 42. Suppose -11*c + 21 = -78. Let f be o(c). Suppose 3*n = -5*v + 26, -7*v + f*v + 24 = 4*n. What is the greatest common divisor of v and 18?
2
Suppose 1196 + 1246 = 74*x. What is the greatest common divisor of x and 627?
33
Let n(y) = -4*y**3 - 4*y**2 + 49. Let t be n(-6). Let b = 771 - t. What is the greatest common factor of b and 46?
2
Let b = -319 + 802. Suppose 13*p = 37 + b. What is the greatest common divisor of p and 24?
8
Suppose -5*p + 0*p = -5. Let v(i) = -2*i + 12*i + 4*i. Let m be v(p). Calculate the greatest common factor of m and 56.
14
Let n(t) = -6*t + 141. Let z be n(-36). Calculate the greatest common factor of z and 168.
21
Let d(j) = -4*j**3 - 5*j**2 + 10*j + 29. Let b be d(-5). Let y = b + -237. Calculate the greatest common divisor of y and 26.
13
Let k = -1 - -3. Suppose q - k = 0, q = -5*j + 4*q + 69. Suppose -5*m + d = -d - 519, d = 5*m - 522. Calculate the greatest common divisor of m and j.
15
Let t = -3510 + 3546. Calculate the greatest common factor of t and 56.
4
Suppose 204*t - 196374 = 180574 + 197516. What is the greatest common divisor of 11 and t?
11
Suppose 0 = -17*r - 6265 + 6571. Calculate the greatest common factor of 3252 and r.
6
Suppose 2*c - 221 = 97. Suppose -18*t + c = 15. Calculate the greatest common divisor of t and 28.
4
Suppose 30*r - 35*r = -63*r + 2726. Let w = -61 + 202. Calculate the highest common factor of w and r.
47
Let t be (-12)/16 - (3 + (-177)/12). Suppose t*k - 15*k = -624. Suppose -h - k = -4*m + h, 6 = -3*h. Calculate the greatest common factor of m and 95.
19
Suppose -32*s = -35*s - 15, 5*k = 3*s + 20720. What is the greatest common divisor of k and 41?
41
Let q = -504 - -543. Let i = -419 - -666. What is the highest common factor of i and q?
13
Let v(q) = 876*q**2 + 3*q - 1. Let h be v(2). Calculate the greatest common divisor of 363 and h.
121
Let a = 555 - 493. Suppose -b = -3*u - 5, 3*b + 2*u = 2 + 2. Calculate the highest common factor of b and a.
2
Let u(z) = -7*z**2 - 22*z - z**2 + 4*z - 5 + 7*z**2. Let g be u(-7). What is the highest common divisor of 648 and g?
72
Let g(j) = -j**3 + 6*j**2 - 4*j - 2. Let i be g(2). Suppose 6*k = 5*k - i. Let h = k + 20. Calculate the greatest common factor of 70 and h.
14
Let v(z) = 72*z**2 - 4*z + 5. Let g(t) = -t**2 - 4*t + 7. Let l be g(-5). Let x be v(l). Let m = -200 + x. What is the highest common divisor of 17 and m?
17
Suppose 5*g - u = 29, -1 = -2*g + 2*u + 17. Suppose 372 = -g*o + 692. Calculate the greatest common factor of 272 and o.
16
Let w(q) = 53*q**2 - 7*q + 2. Let u be w(5). Let f(h) = -3*h**3 + 19*h**2 - 11*h + 19. Let g be f(3). Calculate the greatest common divisor of u and g.
76
Let i = -21 - -1. Let h be ((-4)/i)/((-2)/(-10)). Let s = -25 + 26. Calculate the greatest common divisor of h and s.
1
Let k be 178 + -1 + 22 + (-8 - 8). What is the highest common divisor of k and 427?
61
Let y be (1/3 - (-34)/6) + 0. Let p(t) = 2*t + 23. Let n be p(y). Let a(j) = j + 1. Let x be a(6). Calculate the greatest common factor of x and n.
7
Suppose -4*v + 154 = 150, 0 = i + 2*v - 1374. Calculate the greatest common divisor of i and 28.
28
Let r be (24/(-14))/(94/(-2961)). Suppose 143*k - 140*k - r = 0. Calculate the greatest common factor of 1422 and k.
18
Suppose 25*o - 14 = 18*o. Suppose p = 3*j - 32, -j = o*j - 5*p - 16. Calculate the greatest common factor of 30 and j.
6
Suppose 0 = 167*d - 3521 - 7043 + 3550. What is the highest common divisor of d and 3297?
21
Let w = -8001 + 8004. What is the highest common factor of w and 3438?
3
Let q be -2*(33/(-22))/(-3)*-70. What is the highest common factor of 28 and q?
14
Let v be 66/(-110) + (10052/20 - -2). Calculate the highest common divisor of v and 48.
24
Let m = -11 - -33. Suppose 5*h + 5*b - 35 = 0, 0 = h + 2*b + 1 - 13. Calculate the highest common divisor of m and h.
2
Suppose -s = 3*d - 2, -37*s + 5*d - 14 = -40*s. What is the greatest common factor of s and 4856?
8
Let p be (3/(-7))/((-87)/4466). Let b = -678 + 1222. Suppose -p*s = -14*s - b. Calculate the highest common divisor of s and 17.
17
Suppose -428*w + 4 = -586 - 266. Calculate the highest common factor of w and 3326.
2
Let z be 1 + 0 - (-46 - -46). Suppose 10 = l + z. Calculate the greatest common divisor of l and 99.
9
Suppose -4*g + 2 = -3*g. Suppose -80 = -g*q - 6*q. Let u = 26 - q. What is the highest common factor of 112 and u?
16
Suppose -35445 = -111*v + 75*v - 103*v. What is the highest common factor of v and 6545?
85
Let b(t) = t**2 + 10*t + 20. Let q be b(-5). Let f(z) = -z**3 - 2*z**2 + 4*z - 11. Let i be f(q). Calculate the greatest common factor of 4 and i.
4
Let q(p) = p**3 + 2*p**2 - p + 2. Let f be q(-3). Let h be (-3)/f + 29/4 + 1. What is the highest common divisor of 225 and h?
9
Let l = -2166 - -5270. What is the highest common factor of 32 and l?
32
Let m = 7 - -6. Suppose -128*r - 37 = -129*r + 3*s, -s = -3*r + 47. Calculate the highest common factor of r and m.
13
Let d be (-80)/(-70) + 40027/91. Calculate the highest common factor of d and 819.
63
Let d(p) = 3*p**3 - 5*p**2 - 20*p + 47. Let s be d(4). What is the greatest common divisor of 19 and s?
1
Let r(j) = j**3 - 7*j**2 - 26*j - 74. Let u be r(20). Calculate the highest common divisor of u and 49.
49
Suppose -n - 40*f + 290 = -37*f, 2*f = n - 255. What is the highest common factor of n and 37391?
269
Let m be (-743)/(-13) - 10/975*15. Calculate the greatest common divisor of 152 and m.
19
Suppose 2*t = 4, -25*s - 2*t + 3658 = -24*s. What is the greatest common divisor of 14 and s?
14
Suppose -3*l = 5*y - 29, l = 3*y - 78 + 69. Suppose 27 = 3*h - 9. Calculate the greatest common factor of l and h.
3
Suppose 252 = 26*n - 23*n + 3*y, 4*y - 420 = -5*n. What is the highest common factor of n and 3052?
28
Let y(n) = n**3 + 5*n**2 - 17*n - 52. Let q be y(-6). Calculate the greatest common divisor of 882 and q.
14
Let m(z) = -67*z - 1457. Let x be m(-23). What is the highest common factor of 1484 and x?
28
Let z be -2*(-1)/(-2)*(-356 + -35). Calculate the highest common factor of 575 and z.
23
Let k = -3168 + 3176. What is the greatest common factor of k and 29?
1
Suppose 4*i + 30 = j - 42, 2 = i. Calculate the highest common divisor of j and 120.
40
Let k be ((-10)/(-4))/((-1)/(-14)). Let x be ((-1085)/(-310))/(2/36). Let h = x - k. What is the greatest common factor of 4 and h?
4
Let d = -58 + 61. Suppose d*h + 6 = 0, -2*n + 10 = -2*h - h. Suppose -3*r - 3*z + 17 = -n*r, -z = 4*r - 24. Calculate the greatest common divisor of r and 2.
1
Let a be 1 + -8 + -233 + -4. Let t be (a + 40)*2/(-4). Calculate the greatest common divisor of 85 and t.
17
Suppose -11*h = -8449 + 1783. Let x = -565 + h. What is the highest common factor of x and 697?
41
Let k be (630/(-72) - -9) + -1 + (-705)/(-12). Calculate the greatest common divisor of 22 and k.
2
Let h(o) = -8